{"id":459,"date":"2020-04-18T00:11:29","date_gmt":"2020-04-17T21:11:29","guid":{"rendered":"http:\/\/www.buraksen.com\/?page_id=459"},"modified":"2020-04-18T00:11:29","modified_gmt":"2020-04-17T21:11:29","slug":"web-sitesi-tasarimi","status":"publish","type":"page","link":"https:\/\/www.buraksen.com\/index.php\/web-sitesi-tasarimi\/","title":{"rendered":"WEB Sitesi Tasar\u0131m ve Uygulama"},"content":{"rendered":"<p>Firman\u0131z\u0131n kurumsal kimli\u011fine uygun sizi internet \u00fczerinde ve sosyal mecralarda temsil edecek benzersiz web siteleri tasarl\u0131yoruz. \u0130ster kurumsal ister bireysel olun h\u0131zl\u0131 ve g\u00fcvenli bir altyap\u0131 ile internet kullan\u0131c\u0131lar\u0131 ile etkile\u015fime ge\u00e7meye haz\u0131r m\u0131s\u0131n\u0131z.<\/p>\n<p>Web sitesinin i\u00e7eri\u011finin belirlenmesi, g\u00f6rsel ve yaz\u0131lar\u0131n haz\u0131rlanmas\u0131 konular\u0131nda sizlerle birlikte \u00e7al\u0131\u015f\u0131p i\u00e7erik ve materyallerin \u00fcretimine yard\u0131mc\u0131 olduktan sonra sitenin yap\u0131m, geli\u015ftirme ve test s\u00fcre\u00e7lerini tamamlay\u0131p sizlere kusursuz bir web sitesi sa\u011fl\u0131yoruz.\u00a0Mobil ve responsive tasar\u0131mlar ile Android ve IOS d\u00fcnyas\u0131 ile h\u0131zl\u0131 ve sorunsuz bir deneyim ya\u015fat\u0131yoruz.<\/p>\n<h4 class=\"text24\" style=\"text-align: left;\"><span style=\"color: #333399;\">WEB Uygulamalar\u0131:<\/span><\/h4>\n<div class=\"contact-page\">\n<p>\u0130\u015fletmelerin ka\u011f\u0131t \u00fczerinde veya manuel olarak y\u00fcr\u00fcyen s\u00fcre\u00e7leri \u00e7e\u015fitli maliyetlere neden olmaktad\u0131r. Bu s\u00fcre\u00e7lerin dijital ortamlara ta\u015f\u0131nmas\u0131, operasyonlar\u0131n yaz\u0131l\u0131m ve donan\u0131mlar \u00fczerinde i\u015flemesi mevcut maliyetleri en aza indirmek, zaman\u0131 k\u0131saltmak ve verimlili\u011fi art\u0131rmak i\u00e7in yard\u0131mc\u0131 olur. \u015eirketinizin ticari faaliyet s\u00fcre\u00e7lerini inceleyip sonras\u0131nda Web yaz\u0131l\u0131m geli\u015ftirme konusunda \u00e7e\u015fitli \u00e7\u00f6z\u00fcmler sunuyoruz.<\/p>\n<p>Web uygulama geli\u015ftirmesi yapan uzmanlar\u0131m\u0131z kendi alanlar\u0131nda m\u00fc\u015fterilerin ihtiya\u00e7lar\u0131na y\u00f6nelik web uygulamas\u0131n\u0131 geli\u015ftirme konusunda h\u0131zl\u0131 ve kaliteli hizmet verir. \u0130htiya\u00e7lar\u0131n\u0131za ba\u011fl\u0131 olarak, son teknolojiyi kullanan en iyi i\u015f uygulamalar\u0131n\u0131 \u00fcreterek, i\u015finize yard\u0131mc\u0131 olacak komple bir paket \u00e7\u00f6z\u00fcm sa\u011flar.<\/p>\n<p class=\"m0\"><strong class=\"title2\">Web uygulama geli\u015ftirme \u00e7\u00f6z\u00fcmlerimizden baz\u0131lar\u0131:<\/strong><\/p>\n<div class=\"fixleft\">\n<ul>\n<li>Web Uygulamalar\u0131<\/li>\n<li>Mobil uygulamalar\u0131 ( Android, IOS )<\/li>\n<li>Microsoft Asp.Net uygulamalar\u0131<\/li>\n<li>PHP Linux uygulamalar\u0131<\/li>\n<li>Kullan\u0131c\u0131 Aray\u00fcz Tasar\u0131m\u0131<\/li>\n<li>Kurumsal Uygulamalar<\/li>\n<\/ul>\n<\/div>\n<div class=\"clear\">Sundu\u011fumuz \u00e7\u00f6z\u00fcmler harici size \u00f6zel web uygulama gereksinimleri \u00fczerine \u00e7al\u0131\u015farak baz\u0131 karma\u015f\u0131k s\u00fcre\u00e7ler i\u00e7in de butik \u00e7\u00f6z\u00fcmler yaratmaktay\u0131z.<\/div>\n<div><\/div>\n<\/div>\n<p>Web siteniz yoksa, mevcut sitenizi g\u00fcncellemek veya web uygulamas\u0131na ihtiyac\u0131n\u0131z oldu\u011funu d\u00fc\u015f\u00fcn\u00fcyorsan\u0131z bizimle ileti\u015fime ge\u00e7menizi rica ediyoruz.<\/p>\n","protected":false},"excerpt":{"rendered":"<p>Firman\u0131z\u0131n kurumsal kimli\u011fine uygun sizi internet \u00fczerinde ve sosyal mecralarda temsil edecek benzersiz web siteleri tasarl\u0131yoruz. \u0130ster kurumsal ister bireysel &#8230; <\/p>\n<p class=\"read-more-container\"><a title=\"WEB Sitesi Tasar\u0131m ve Uygulama\" class=\"read-more button\" href=\"https:\/\/www.buraksen.com\/index.php\/web-sitesi-tasarimi\/#more-459\" aria-label=\"Read more about WEB Sitesi Tasar\u0131m ve Uygulama\">Read more<\/a><\/p>\n","protected":false},"author":1,"featured_media":0,"parent":0,"menu_order":0,"comment_status":"closed","ping_status":"closed","template":"","meta":{"footnotes":""},"class_list":["post-459","page","type-page","status-publish"],"_links":{"self":[{"href":"https:\/\/www.buraksen.com\/index.php\/wp-json\/wp\/v2\/pages\/459","targetHints":{"allow":["GET"]}}],"collection":[{"href":"https:\/\/www.buraksen.com\/index.php\/wp-json\/wp\/v2\/pages"}],"about":[{"href":"https:\/\/www.buraksen.com\/index.php\/wp-json\/wp\/v2\/types\/page"}],"author":[{"embeddable":true,"href":"https:\/\/www.buraksen.com\/index.php\/wp-json\/wp\/v2\/users\/1"}],"replies":[{"embeddable":true,"href":"https:\/\/www.buraksen.com\/index.php\/wp-json\/wp\/v2\/comments?post=459"}],"version-history":[{"count":0,"href":"https:\/\/www.buraksen.com\/index.php\/wp-json\/wp\/v2\/pages\/459\/revisions"}],"wp:attachment":[{"href":"https:\/\/www.buraksen.com\/index.php\/wp-json\/wp\/v2\/media?parent=459"}],"curies":[{"name":"wp","href":"https:\/\/api.w.org\/{rel}","templated":true}]}}